- 1 + 0*g**3. Suppose 5*b = 25, f - 2*f + 25 = 5*b. Give i(f).
-3
Let u(w) = 2*w + 6. Suppose 30 = -9*s + 3*s. Give u(s).
-4
Let p(f) = -1 + 4 + 2 - f. Suppose -6 = -2*n - 0*n. Suppose -28 = -5*w - c, -4*w - 8*c + n*c = -14. Calculate p(w).
-1
Let c(k) be the second derivative of k**8/6720 + k**7/630 + k**6/180 + k**5/60 - k**4/4 + k. Let w(y) be the third derivative of c(y). Calculate w(-3).
-1
Let n(y) = y + 6. Let i = 29 - 41. Let b = 7 + i. Determine n(b).
1
Let l(a) = -a + 2. Let u be l(4). Suppose -5*i + 27 = 3*y - 0*i, 3*i - 13 = -y. Let c(b) = -2*b**2 - 3*b + 3*b**3 + 0*b - y*b**3. Calculate c(u).
6
Suppose y + 6 = 1, -4*m + 3*y + 7 = 0. Let h be 68/(-16) - m/8. Let p(i) = -i**3 - 5*i**2 - 3*i + 3. What is p(h)?
-1
Let i(t) = -t**2 - 4*t. Let v(d) = -d**3 - d. Let k(n) = i(n) - 5*v(n). Calculate k(1).
5
Let q(c) be the third derivative of c**6/120 - c**5/20 - c**4/4 - 5*c**3/6 + 4*c**2. Determine q(5).
15
Suppose 0*u - 5*u = -10. Suppose -u*a + 13 = -a. Let r = a + -9. Let g(j) = -2*j - 1. Calculate g(r).
-9
Let v(g) = 5 + 2*g + 9 + 8 - 4. Determine v(-8).
2
Let b be (36/(-42))/(2/14). Let f(o) = o**3 + 5*o**2 - 4*o + 7. Calculate f(b).
-5
Let o(l) be the second derivative of -l**4/2 + l**3/6 + l**2/2 + 3*l. What is o(-1)?
-6
Suppose 5*p = -4*q + 29, 5*q - 6 - 10 = -4*p. Let f be 1/(-3) + 57/p. Let u(c) = 2*c**2 - 5 + f - 2*c + 4*c**2. What is u(1)?
5
Let s(r) be the third derivative of r**4/12 - 3*r**3/2 + 19*r**2. Give s(6).
3
Suppose -43 = -4*m + 4*w - 7, -2*m - 2*w = -2. Let t(v) = 7*v - v**2 - 7 - 2 + 3. Give t(m).
4
Let s(d) = d - 6. Suppose 0 = -f + 4*b - 0 + 2, 0 = b - 1. Calculate s(f).
0
Let s(p) = 0 - 1 - 1 + p**2. Give s(-3).
7
Let p(f) = -4*f**2 - 5*f + 2*f**2 - 2 + f**2. Suppose -y = -5*y. Suppose s + 8 = 4*c, -2*c - 18 = 5*s - y*c. Calculate p(s).
2
Let g(p) = -p**3 + 5*p**2 + 2*p - 4. Suppose 0 = -4*t + 10 + 10. What is g(t)?
6
Let k(x) = -x**2 + 7*x. Let q(v) = v. Let a(l) = -k(l) + 5*q(l). Let g(j) = 20*j**3 - j**2. Let s be g(1). Suppose 0 = -5*y - 4 + s. What is a(y)?
3
Let p(i) = i**3 + 6*i**2 - 2. Let m(q) = q - 3. Let b be m(-3). Calculate p(b).
-2
Let h be (28/35)/((-2)/10). Let q be (-3)/2*(-1 + -1). Let d = q + h. Let f(a) = 2*a**2 - a - 1. Calculate f(d).
2
Let i = -48 - -50. Suppose 0*y + 5*y = -20. Let u(d) = 3*d**2 + 4*d - 8. Let m(j) = -2*j**2 - 4*j + 7. Let g(z) = y*u(z) - 5*m(z). Calculate g(i).
-3
Let t(k) = 5*k - 8. Let c(a) = 14*a - 23. Let z = -12 + 6. Let j(h) = z*c(h) + 17*t(h). Let q be j(3). Let d(l) = -l**3 + 5*l**2 - l - 3. Determine d(q).
-8
Let j(z) = -z**2 + 14*z - 38. Let c be j(6). Let h(u) = u - 14. What is h(c)?
-4
Let d(u) = 2 + 3*u - 4*u**2 + 3*u**2 - 6 + 1. Determine d(2).
-1
Let a(f) = 6*f - f + 11 - 5. Give a(-4).
-14
Let t(d) be the third derivative of -d**4/24 - 2*d**3/3 - 11*d**2. What is t(0)?
-4
Let m(l) = l**2 + 4 + 2*l - 5 + 3*l. Let r(x) = -5*x**2. Let z be (1/(-2))/(17/(-34)). Let d be r(z). Give m(d).
-1
Let a(k) = -k + 1. Let y(r) = 3*r - 1. Let d be y(2). Suppose 0 = -4*s + 17 - d. Suppose s*f - j - 11 = 0, 2 = 4*j + 10. Determine a(f).
-2
Let a(k) = -k**3 + 3*k**2 + 2*k + 3. Suppose -7*v + 0*v = -28. Determine a(v).
-5
Let n(r) = r - 15. Let a be n(8). Let z(g) = g**2 + 9*g + 4. Give z(a).
-10
Let d(n) = n**3 - 4*n**2 - 3*n - 6. Let h(f) = -f**2 - 11*f + 1. Let m(y) = -y**2 - 12*y + 1. Let a(o) = 7*h(o) - 6*m(o). Let r be a(-4). What is d(r)?
4
Let k(a) be the second derivative of -a**4/8 - 5*a**3/6 - a**2/2 + 2*a. Let f(u) be the first derivative of k(u). What is f(-4)?
7
Let c(g) be the third derivative of -g**6/120 - g**5/20 + g**3/6 + 21*g**2. Give c(-2).
-3
Let j be (56/21)/(4/6). Suppose 0*y = 5*v - 2*y - 18, 14 = 3*v - 2*y. Suppose -22 = -j*t - v. Let n(r) = -r + 4. What is n(t)?
-1
Let d(a) = 1 + 8*a - 10*a + 3*a. What is d(1)?
2
Let c(f) = f**2 + 5*f + 1. Let o be (-18)/4 - 3/6. Give c(o).
1
Suppose 3*f - 5*j + 1 = 5*f, 0 = -4*j - 4. Let i(g) = -f + 2 + g**2 - 2*g + 0. Determine i(-1).
2
Let s be (2/6)/((-2)/(-6)). Let y be (-2)/(-6) + (-15)/(-9). Let z(x) = -7*x + y - 3 + 2. Give z(s).
-6
Suppose 61*f - 59*f + 6 = 0. Let o(s) = -s**3 - 4*s**2 - 4*s. Give o(f).
3
Suppose 2*g - 10 = -3*s - 2*g, -5*g + 13 = 4*s. Let u = s - 1. Let d(h) = 5*h - 1. Give d(u).
4
Let c(v) = 3*v. Let w be 1*((-10)/10)/((-1)/(-2)). Determine c(w).
-6
Let a(l) be the third derivative of l**5/60 - l**4/24 + 12*l**2. Determine a(3).
6
Let u be (-1 + 2)*-2 + 5. Let x(j) = 6 + 1 - u + j. What is x(-4)?
0
Let t(j) = j**2 + 2*j + 1. Let x be 0/(-3) + 2 + 1. Suppose -4*a - 21 = x*h, h = 2*h + 3. Let r be t(a). Let i(p) = 2*p - 6. Give i(r).
2
Let z(f) be the second derivative of f**4/12 + 2*f**3/3 + 3*f**2/2 + 2*f. Suppose g + 10 = -3*q, 9*q - 2*g = 4*q - 35. Determine z(q).
8
Let g(l) be the third derivative of l**4/24 + 2*l**3/3 + 2*l**2. What is g(0)?
4
Let j(w) = 3*w + w - 6*w. Suppose 5*a - 2 = 19*s - 15*s, 5*s + 11 = 2*a. Determine j(s).
6
Let l = -38 - -34. Let p(v) be the first derivative of v**3/3 + v**2 + v + 1. Calculate p(l).
9
Let r(b) = 3*b - 3*b + 4*b**3 - 3 + 2. Let y be r(-1). Let k(g) = -g**3 - 5*g**2 - 2*g - 1. Determine k(y).
9
Let c(z) = -z**3 + z**2. Let l(m) = -m**3 - 7*m**2 + 7*m + 1. Let p(n) = 2*c(n) - l(n). Give p(8).
7
Let w(r) = -r**2 - r. Let f(d) = -d**3 + 6*d + 1. Let b(l) = -f(l) - 3*w(l). Calculate b(-3).
8
Suppose -h + 17 = 2*k, 0 = 3*h + 4*k + 8 - 55. Let v = h - 9. Let s(m) = m**3 - 5*m**2 + 5*m - 3. Determine s(v).
1
Let g(t) = -3*t**3 - 12*t**2 + 26*t + 2. Let i(r) = -r**3 - 4*r**2 + 9*r + 1. Let n(d) = -6*g(d) + 17*i(d). Let v = -11 + 21. Let w = -15 + v. Give n(w).
-5
Let u(t) be the third derivative of t**6/60 - t**5/20 + t**4/24 - t**2. Suppose 48*o - 46*o - 4 = 0. What is u(o)?
6
Suppose 0 = -4*c - 4*x + 4, 4*c + 3*x + 8 = 2*x. Let f(z) = z**2 + z + 1. Determine f(c).
7
Let h(t) = t**3 + 3*t + 6. Let i(x) = -2*x**3 - x**2 - 2*x - 7. Let k(l) = -3*h(l) - 2*i(l). Suppose -g + 13 = -4*n, -4*n = -0*g + 4*g + 8. What is k(n)?
2
Let w(j) = -j - 9. Let s be (-10)/15 - (-4)/(-3). Let p(x) be the first derivative of -x**4/4 - x**3 + x**2 + 2*x + 1. Let t be p(s). Determine w(t).
-3
Let t(d) = d + 3 + 7 - 2. Calculate t(-6).
2
Let x(g) = -3*g + 3*g + 1 + g. Suppose 5*y - 9*y - s = 8, 0 = -5*y - 5*s + 5. Give x(y).
-2
Let g(w) = w**3 - 5*w**2 - 7*w + 8. Let m be g(6). Let k be 3/2 - 1/m. Let p(z) = 2*z - 1. Give p(k).
1
Suppose 5*o = 10 + 5. Let r(f) = f**3 - 3*f**2 + f + 2. Calculate r(o).
5
Let m = 11 - 7. Let s(t) = t**3 - 3*t**2 - 2*t - 3. Let c be s(m). Let q(d) = -5*d + 3*d + 6 + 6*d - d**2. Determine q(c).
1
Let g(i) = i**2 - 2*i + 2. Let c be g(3). Let q(v) = -2*v + 4. Determine q(c).
-6
Let r(d) be the first derivative of d**4/12 - 7*d**3/6 + d**2 - 3*d - 1. Let q(m) be the first derivative of r(m). Let u be (-4)/2 - (-6 - 0). What is q(u)?
-10
Suppose -5*j - 5*t + 20 = 0, -t + 8 = t. Let n(x) = -x + 2. Let a(b) be the second derivative of -b**2/2 + 2*b. Let w(d) = a(d) - n(d). Calculate w(j).
-3
Suppose 4*w = 2*d + d + 6, 25 = 5*d + 5*w. Let m(x) = 2 + 2 - 6*x - 3. Determine m(d).
-11
Let i(c) = -2*c + 3. Let y(o) = o - 2. Let l(h) = 3*i(h) + 5*y(h). Calculate l(3).
-4
Let n(f) = 6*f**2 - 5*f - 2. Let i(o) be the first derivative of 5*o**3/3 - 5*o**2/2 - o - 1. Let p(t) = 5*i(t) - 4*n(t). Calculate p(6).
9
Let y(w) = -3*w - 3. Let q = 4 + 0. Suppose z - 3*b + 3 = -b, -z + q*b - 9 = 0. Suppose 2 + 7 = -z*d. Calculate y(d).
6
Let q be ((-1)/3)/(7/126). Let i(s) = -s - 4. Calculate i(q).
2
Let l(t) be the second derivative of t**4/12 - 2*t**2 + 26*t. Calculate l(-3).
5
Let j be -2 + 0 + -1 - -3. Suppose -3*h + j*h = -12. Let c(l) = -1 + 0*l + 2*l + 2 + 3*l**2 - l**3. Determine c(h).
-7
Let x(h) = -9*h**3 + 8*h**2 + 4*h - 7. Let o(b) = -4*b**3 + 4*b**2 + 2*b - 3. Let s(j) = 7*o(j) - 3*x(j). Determine s(4).
8
Let y(j) = -j**2 - 7*j + 3. Let v be (-2)/(1/(-16)*-4). Give y(v).
-5
Let x(m) = m**2 + 15*m + 17. Let k be x(-13). Let p(r) = r**3 + 9*r**2 - r - 3. Calculate p(k).
6
Let b(a) = 8*a**2 - 4*a + 3*a - 8*a**2 - 9 - a**2 - a**3. Calculate b(0).
-9
Suppose 2*l + 4 = -3*d - 1, -2*d + l = -6. Let b(f) = 3*f**3 - f + 1. Determine b(d).
3
Let u(d) = -411 - 5*d - 2*d + 416 - 2*d**2 + 3*d**2. Suppose 5*f - 5*z + 20 = 0, -3*f - 33 = -5*z - 13. Suppose f = 